
16 - (41 - 16) - (-30 - -2 - -7)
12
What is (777 - 804) + (-2 + 1 - -1)?
-27
What is 31 + -24 + (27 - 12)?
22
(7 - 1) + -9 - 7
-10
Evaluate -63 + -67 + 148 - (0 - -1).
17
What is (-6 - 1 - -24) + -7 + -23?
-13
What is 11 - (11 + (-12 - -1)) - (8 + -1)?
4
Calculate 5 + 1 + -8 + 5 - 3.
0
What is 8 + 13 + -4 + 3 + 4?
24
What is -62 + 67 - (3 + -1 + -9)?
12
What is (-3 - 7) + (2 - -2) + 14 + 8?
16
-2 + (5 - (0 - ((-3 - -4) + 2)))
6
What is -14 + -27 + 29 + 3 + -11?
-20
Evaluate (1 - 2 - 5) + 41 + -20 + -5.
10
4 - (-3 - 14) - 34
-13
Calculate (-8 - (14 - 11)) + -2.
-13
Calculate (-2 - (4 - 3)) + 11 + -19.
-11
What is 14 + -31 + (51 - 17)?
17
What is the value of (0 - 10 - -16) + -8 - -14 - 48?
-36
What is the value of -2 + (4 - (-10 - -9) - (-2 + -12))?
17
Evaluate -16 - (23 + -17 - 7).
-15
10 + (8 - ((-8 - -31) + -4)) + -10
-11
What is (0 - 1) + 15 + 510 + -510?
14
What is the value of (-5 - -4 - (-3 - 2)) + (1 - -2)?
7
What is the value of (2 + 1 - (-7 - -12)) + (0 - -5)?
3
Calculate 0 - 4 - (-61 + 67) - (13 + -11).
-12
-3 + 1 - 1 - ((-5 - -20) + -33)
15
Evaluate 18 + -10 + -19 + -2.
-13
Evaluate 1 + -3 + 9 + -3 + -18.
-14
Calculate 9 - (-12 + -2 - -8).
15
Evaluate 19 + (11 - (-11 - -23)) + -6.
12
Calculate -23 + (20 - 2) - -22.
17
Evaluate (30 - 31) + (-5 + 5 + -3 - 3).
-7
-27 + -22 + 49 - (0 + 0 + -12)
12
0 - 0 - (43 - (52 + -7))
2
(-7 - (-15 + 19)) + 5 + 0
-6
-38 + (84 - 7) - 29
10
(-2 - 16) + (-10 - -42)
14
-3 - 23 - -12 - (-4 + 4 + -3)
-11
Calculate 18 + (-12 - -4) + 3 + (2 - 3).
12
Calculate 21 - (7 - (11 + -9) - (-1 - -2)).
17
Calculate (-9 - -13 - ((-6 - -2) + 15)) + 6.
-1
Evaluate -11 - -10 - (-3 + -2) - 8.
-4
Calculate 5 + 26 + (-3 - 11).
17
What is the value of -15 - -2 - (4 - (-3 + 31))?
11
Calculate 0 - (-39 - -21 - -6).
12
What is 2 - (19 + -12) - 0 - -12?
7
Evaluate (0 - -2) + -10 + 3 + -2 + -14.
-21
Evaluate (-17 - -15) + 2 - (-3 + 20).
-17
Calculate -23 + 19 + 0 - 5.
-9
What is 2 - (-1 - -4 - -3) - (-37 - -37)?
-4
Evaluate 9 + -15 + (20 - 8) - (-13 - -13).
6
What is 43 + -10 + (-37 - -13)?
9
What is the value of 0 + 1 - (10 - (-9 + 19 + -6))?
-5
20 + 35 - (-3 + 27)
31
Calculate -7 - ((3 - -10) + -29 - -6).
3
What is -19 + 15 - (2 - (2 + 1)) - -2?
-1
Evaluate 5 - (14 + 1 + -94 + 86).
-2
Calculate (5 - (6 + 4 - 18)) + 9.
22
Evaluate 4 - ((0 - -4) + 6) - (25 - 33).
2
What is the value of -5 - 4 - -5 - -5 - -3 - 5?
-1
Evaluate (1 - (-8 + 30 + -9)) + 10.
-2
What is -70 + 82 + (6 - 10 - -5)?
13
-130 - -142 - (0 + 1)
11
What is (-9 - (2 - 5)) + -4 + 18?
8
1 + (0 - ((26 - 14) + -4))
-7
Calculate 17 - ((12 - -35) + 4 + -3).
-31
Calculate 4 - (-17 + (-3 - -7) + 6).
11
What is the value of -7 + -7 + 8 - (11 - (8 + -9))?
-18
What is (0 - (3 - 11)) + (1537 - 1578)?
-33
(16 - 12) + -2 + 1
3
-11 + -3 + (-6 - (-7 - (2 - 0)))
-11
-7 + (13 - 12 - 6) + 2 + -8
-18
What is 7 + -7 + -14 + 7 - -5?
-2
0 + -10 - (142 + -139)
-13
-14 + -8 + (-79 - -126)
25
Evaluate 1 + 13 + (-14 - -34).
34
What is the value of -15 + 5 + (6 - 2) - 3?
-9
Evaluate -8 - (-7 - (16 + -14)).
1
(14 + -24 - (5 - 13)) + 0
-2
What is 32 - (12 - -55) - -7?
-28
Evaluate -5 - ((-3 + 5 - 1) + -11).
5
What is the value of 1132 + -1134 + 25 + 0?
23
What is 43 + -1 - (7 - -37)?
-2
25 + -38 + -6 - 0
-19
Evaluate -2 + (13 + -4 + -6 - -5) - 0.
6
14 - (-18 - (-13 + 13))
32
Calculate 5 + 4 + -6 + 0 + (-24 - -4).
-17
31 + (17 - 46) - (4 + -1)
-1
Evaluate (5 - (4 - 1) - 22) + 58 + -56.
-18
Evaluate 7 - (0 - 5 - -12 - -4).
-4
2 - 18 - (-6 - 6 - -9)
-13
Evaluate 5 + (1 + -8 - -15) - (-5 + 4).
14
What is 0 - -2 - (-46 - (-38 + -8))?
2
Calculate 14 + (24 - 30) - -8.
16
Calculate -4 + 5 + 0 + (-5 - -10).
6
Evaluate 1466 + -1474 - (10 - (-2 + 1)).
-19
What is 14 + (-4 - 5) - (0 + -4)?
9
What is (14 - 15 - (4 - 7)) + 14?
16
What is the value of 3 - (-5 - -3) - (-6 - (-28 - 3))?
-20
(-5 - 5) + (-1 - -4)
-7
What is the value of -32 + (34 - (-1 + 19))?
-16
2 + -8 + -17 + (-4 - -27) + 15
15
-13 + -21 + 3 - (0 + -11)
-20
Evaluate (0 - 1) + 21 - (92 - 86).
14
1 + 9 - (7 + -7 - 1)
11
What is -1 + 1 + -13 + (-48 - (-97 - -58))?
-22
-23 + 1 + (4 - ((0 - 5) + 2))
-15
What is the value of 12 + 2 + (6 + -6 - -7 - 14)?
7
What is the value of -27 - (5 + -10 - -10) - -8?
-24
Evaluate -2 + 0 + -2 + 2 + 43 + -53.
-12
(36 - 19 - -9) + -12 + 0
14
Evaluate (130 - 133) + (0 - (-3 - -1)) + 4.
3
-2 + -13 + 7 + 20 + -2
10
(4 - (-5 + 4 + -10)) + -1
14
Calculate (-58 - -56) + -1 + (-9 - -4).
-8
Calculate (6 - -7) + -19 - 0.
-6
Calculate -179 + 178 - (5 - -23).
-29
Evaluate -22 - (42 + -2 + -32).
-30
What is 28 + -8 + -59 + 61?
22
What is the value of (-6 - 0) + (21 + -31 - 0)?
-16
Evaluate ((-1 - 2) + 25 + -20 - -4) + -14.
-8
Calculate -3 - (1 + (11 + -12 - -8)).
-11
Evaluate -3 + -4 + 7 + -11.
-11
14 + -21 + 21 - (-3 + 0)
17
What is -21 + (-7 - -28) + -3?
-3
Evaluate 9 - (16 + 1 + -5 + -3).
0
-263 + 239 - (-1 - (-1 - 1))
-25
Evaluate -4 + -21 - -12 - (-1 - -17).
-29
76 + -90 - (-1 - 4)
-9
What is -10 + -26 - (2 + -10 + 7 - 8)?
-27
Evaluate -1 - (1 + -4 - (-20 + 19)).
1
What is 2 - (15 + -10) - -12?
9
Calculate 15 + (-26 - 6) + 17.
0
What is 23 + (-23 - -5) + -21?
-16
Evaluate -11 + 61 + 3 + (-8 - 0) - 11.
34
What is the value of -1 + 10 + 10 + (-1 - -8)?
26
Calculate -14 + (12 + 0 - (15 + -7 + -1)).
-9
What is the value of 1 + 5 + -2 + -21 + 2 + -1?
-16
What is (-4 - -2) + -1 + 10 + 1?
8
What is -6 - (-14 - -13) - (-4 + 3 + 2)?
-6
What is the value of 9 + (-10 - (-9 + (1 - 6)))?
13
Evaluate -8 + (2 - -1 - -5).
0
Calculate 7 + (3 - 15) + -14.
-19
Calculate -1 - -2 - (-58 - -44) - 42.
-27
What is 1 + -17 + 9 + 6 + (-7 - -1)?
-7
What is the value of 0 + 3 - ((107 - 80) + (-1 - 5))?
-18
Evaluate (104 - 104) + 5 + -3.
2
Evaluate -25 + 23 + -21 + 23.
0
Calculate 20 + (3 - 17 - -5).
11
What is 28 + -14 + -5 - (-3 + 0)?
12
560 + -558 - (-16 + -1)
19
What is 7 + -9 - (-2 - -13) - (-9 - -2)?
-6
(-4 - (-11 - 7)) + -5
9
Evaluate 43 + (-15 - 39) - (-2 - (1 - -19)).
11
What is the value of (-9 - -2) + (25 - (-18 - -37))?
-1
What is (-1 - -4) + -5 + 9 + -4 + -7?
-4
Evaluate -3 + -6 + 26 + -14.
3
What is the value of -9 - -30 - -9 - 18?
12
Evaluate (11 - (-8 - -2 - -10)) + (-9 - -6).
4
What is (4 + -12 + 13 - (-1 + -2)) + -7?
1
Calculate 23 + -27 - (-7 + -2) - -12.
17
What is (1 - -12 - 26 - -27) + -15?
-1
Calculate -3 + (3 - -12) + -15 - -15.
12
Calculate (-1 - -3) + ((8 - 2) + -11 - -6).
3
What is (407 - 409) + -1 + -2 + 13?
8
What is -21 - -11 - -30 - 36?
-16
Evaluate (-6 + -18 - -17) + (-2 - (3 - 1)).
-11
(-2 - 0) + (4 - (10 - 11 - -8))
-5
Evaluate 15 - (16 - (15 - 9)).
5
What is the value of 0 + 3 + (-7 - 3 - -25)?
18
What is -32 + (-3 + 3 + 0 - -14)?
-18
Evaluate 0 + -1 + (-1 - (2 + (7 - 11))).
0
Calculate -3 + (2 - 1) - -2 - (291 - 284).
-7
-3 + (22 - -6) + 17 + -8 + -14
20
-13 - (29 - 45) - -3
6
What is the value of (3 - (-3 + -4 + 11)) + 7?
6
What is the value of 24 + 7 + (-8 - 4) + -2?
17
Evaluate -3 - -3 - (9 - 2) - -6 - 4.
-5
What is (5 - 0) + -26 + 28 - 15?
-8
Evaluate 12 - ((-190 - -230) + -15 + 1).
-14
-12 - (-22 + 0 + (10 - -3))
-3
What is (214 - 221) + 5 + -30?
-32
What is the value of (3 - (5 + 5 + -4)) + (29 - 19)?
7
What is the value of (-3 - ((-6 - (-5 - -2)) + -1)) + -11?
-10
Evaluate 2 + (7 - 2) + 22 + -15.
14
21 + (14 - 11) + -24
0
What is the value of 13 + -1 - (-20 - (-20 + -2))?
10
What is the value of 1 - (-3 - (15 + 3 + -15 + 6))?
13
What is -8 + -2 - -3 - 2 - (1 - 1)?
-9
Evaluate (5 - -10 - 23) + 5.
-3
What is 24 + -15 + (-36 - -13)?
-14
Evaluate -30 + 0 + -5 + (35 - 18).
-18
What is -1 + 1 + 3 + (19 + -18 - 1)?
3
What is 165 - 159 - (5 + -3 - -3)?
1
(16 - (13 + -3)) + (-1 - 5) - 3
-3
What is the value of ((4 - 4) + 4 - 15) + (56 - 56)?
-11
Calculate -14 - (12 + -2 + 2 - 14).
-12
Evaluate (-4 - 21) + (10 - -12).
-3
0 + (-2 - -9) - (-25 + (18 - -7))
7
Evaluate (5 - 4 - -4) + -16 + -9.
-20
-31 + (6 + -9 - (-8 + 5))
-31
Evaluate 1 + 5 - (13 - (-5 - -16)) - 7.
-3
Evaluate 1 - (0 + 1) - (3874 + -3877).
3
(7 - (-1 + (7 - 3))) + -1
3
Evaluate 21 - (28 + 7 + -21).
7
Calculate (0 + -1 + 1 - (-74 - -77)) + 16.
13
Evaluate 1 + -2 + 11 + -23.
-13
What is -5 + (8 + 9 - 4) + -8 + 0?
0
Calculate 1 + 10 + -1 - (18 + 0).
-8
What is -1 + 13 - (105 + -93)?
0
What is the value of 14 + (0 + -15 - (-348 - -364))?
-17
What is (6 -